erivative of d**3/3 - 5*d**2/2 - 6*d + 142. Calculate a(5).
-6
Let a(u) = -8*u - 4. Suppose 2*r - 2*g = 6 - 4, 0 = -g - 5. What is a(r)?
28
Suppose 49*a - 145 - 2 = 0. Let t(d) = d**2 + d - 6. Calculate t(a).
6
Let u(t) = -t**3 + 8*t**2 - t + 11. Let c be u(8). Suppose 5 + 1 = c*z. Let n be 0/(z - -2) - -3. Let g(d) = 2*d + 3. Determine g(n).
9
Let c be 88/24 + 2/6. Let m be (c/(-12))/((-2)/(-6)). Let b(w) = 27*w**2 + 2*w + 5. Let q(z) = -40*z**2 - 3*z - 7. Let l(t) = 7*b(t) + 5*q(t). Determine l(m).
-10
Let j(x) = 2*x - 2. Let r(h) = h**2 - 9. Let q be r(6). Let a = q + -25. Calculate j(a).
2
Let d(v) = -8*v + 2. Let y be ((2 - 7) + 3)*2/1. Calculate d(y).
34
Let m(u) be the second derivative of -u**4/12 + 2*u**3 - 3*u**2/2 - 145*u - 1. Calculate m(8).
29
Let t = -49 - -85. Let q be (81/t)/(1 - 6/8). Let b(g) = -g**3 + 9*g**2 - 4. Determine b(q).
-4
Let k be -1 + 5/7 + 893/(-133). Let t(i) = -i**3 - 7*i**2 + 2*i + 7. Give t(k).
-7
Let b(d) = -4*d - 3. Let r = -135 + 133. What is b(r)?
5
Let s(g) = 2*g**2 - 2*g + 9. Let p(l) = l**2 - l + 4. Let x(u) = -7*p(u) + 3*s(u). Determine x(4).
-13
Let n = 813 - 839. Suppose 0 = -z + 2*z - 27. Let r = z + n. Let i(c) = 15*c**3 - 2*c**2 + 1. Calculate i(r).
14
Let z be -8 - ((-4)/(-4) - -2). Let a = 15 + z. Let r(d) = 26*d - 2 - 2*d**3 + d**3 - 25*d + a*d**2. What is r(3)?
10
Let t(u) be the third derivative of -u**6/60 - u**5/60 + u**4/12 - u**3/2 + 39*u**2 + u. Calculate t(2).
-19
Let c(n) be the second derivative of n**3/3 - n**2/2 + 2*n - 5. Determine c(-2).
-5
Let u(l) = 0*l**2 + 1 - 2*l**2 + l**3 + 79*l - 81*l. Let p be u(3). Let k(h) = -h**3 + 4*h**2 + 2*h - 1. Calculate k(p).
7
Let o(q) = 5*q + 1 - q**2 + 5*q - 14*q - q. Calculate o(-6).
-5
Let b(n) be the first derivative of -29*n**2/2 + 9*n - 1. Let x(o) = 15*o - 5. Let c = 6 - -1. Let j(h) = c*x(h) + 4*b(h). Calculate j(1).
-10
Let z(x) = -x**3 - x**2 - x + 4. Let n(r) be the second derivative of -r**4/6 - 2*r**3/3 + 2*r**2 - 2*r. Let q be n(-4). Let v = q - -12. Give z(v).
4
Let s(m) = 7*m**2 + 11*m + 9. Let q(k) = -4*k**2 - 6*k - 5. Let r(v) = 5*q(v) + 3*s(v). What is r(-3)?
2
Let p = -22 + 8. Let i = p + 7. Let f(s) = -s**3 - 2*s**2 - s - 2. Let d(l) = 3*l**3 + 5*l**2 + 3*l + 5. Let a(z) = i*f(z) - 2*d(z). What is a(-4)?
0
Let q(b) be the first derivative of -b**3/3 - b**2 - b + 3. Let s be q(-2). Let j(m) = -10*m**2 - m - 1. What is j(s)?
-10
Let d = -24 + 24. Let c be d - (-1)/((-1)/(-6)). Let w(g) = g**2 - 6*g + 6. Give w(c).
6
Suppose 21*o - 51*o = -4*o - 208. Let s(q) = 9 - 3*q + 0*q + q. Calculate s(o).
-7
Let t(m) be the third derivative of -m**6/120 - 2*m**5/15 + 5*m**4/12 + m**3/6 - 98*m**2. What is t(-9)?
-8
Let l = -90 + 88. Let z(f) = 2*f**3 + 2*f**2 + f - 2. What is z(l)?
-12
Let x(m) = -28*m - 3. Let b(n) = 13*n + 1. Let d(i) = 13*b(i) + 6*x(i). Determine d(3).
-2
Let n be 5/(25/20) + (25 - -1). Let q(s) = 4 + 1 + n*s - 31*s. Determine q(-5).
10
Let j(i) = i**3 + 13*i**2 - 14*i + 6. Suppose n + 22 = 4*c, 5*c = -5*n - 26 - 34. What is j(n)?
6
Let y(s) = s**2 + 3*s + 3. Let b = 2 - 5. Let j be y(b). Let q(p) = -p**3 - 2 - p**2 + 0*p**j + 0*p + 0*p**3 + 3*p. What is q(-3)?
7
Let y(a) = a**2 + 8*a + 5. Let h = 180 - 187. What is y(h)?
-2
Let u(x) = x**2 - 6*x + 8. Let l be ((-1)/4*5)/((-32)/128). Determine u(l).
3
Let b(d) = 2*d**3 - 4*d**2 + d + 3. Let h(s) = -6*s**3 + 10*s**2 - 3*s - 7. Let m(g) = 5*b(g) + 2*h(g). Let c(r) = r + 8. Let v be c(-7). What is m(v)?
-2
Let b(c) = -c**3 - 3*c**2 - 2*c - 2. Suppose 0 = y + 4*x - 10, 3*x = 10*y - 13*y + 3. What is b(y)?
-2
Let k(v) be the third derivative of v**8/20160 + v**7/5040 - v**6/360 - v**5/5 + 15*v**2. Let s(x) be the third derivative of k(x). Calculate s(-3).
4
Let o(l) = 5*l - 1. Suppose 0*n - 5*n - 5*u - 10 = 0, 4*n + u = -11. Let z = n - -9. Suppose t + p - z = 5*t, 5*t + 3*p = -16. Determine o(t).
-11
Let g(d) be the third derivative of -d**7/5040 + d**6/80 - 17*d**5/30 + 18*d**2. Let y(u) be the third derivative of g(u). Give y(0).
9
Let r(t) be the first derivative of t**4/24 - 7*t**3/3 + 3*t**2/2 - 6. Let n(m) be the second derivative of r(m). Give n(7).
-7
Let h(r) = 5 - 8 - r + 19 + 12. Determine h(16).
12
Let s(t) = -t**2 + 8*t - 2. Let b(a) = a**2 - 2*a - 18. Let l = 107 - 101. Let k be b(l). Give s(k).
10
Let q(o) = -o + 2. Let z(d) = d**3 + d**2 - d + 42. Let h be z(0). Suppose 38 + h = 5*y. Let u = -11 + y. Calculate q(u).
-3
Let s(j) = -j**3 + 3*j**2 + 6*j - 5. Let q be s(4). Suppose -2*c - 1 = -c - l, 0 = -4*c + 3*l - 1. Let m(u) = -c*u + u + 2 + 0*u + 3*u. What is m(q)?
8
Let z(s) = s**2 + 6*s - 14. Let p be z(-8). Let u(d) = 2 + 4*d**p + 5*d - 5*d**2 + 0*d. Determine u(6).
-4
Let l(j) be the first derivative of -25*j**3/3 - 11*j**2/2 + 9*j + 15. Let c(m) = 13*m**2 + 6*m - 5. Let o(i) = 11*c(i) + 6*l(i). Calculate o(1).
-8
Let s(h) = -3*h - 29. Suppose 26 + 190 = -18*k. Determine s(k).
7
Let g be (-2 - -1) + 50/(-25). Let m(u) = -3*u - 7. Calculate m(g).
2
Let z(u) = -u**3 + u + 4 + 0 + 5*u**3 + 7*u**2 - u**3. Let f(a) = -4*a**3 - 8*a**2 - a - 5. Let q(b) = 4*f(b) + 5*z(b). Determine q(3).
3
Let y(p) = 3*p**2 + 8*p + 4. Let v be y(-6). Let b(k) = -65 - v - k + 125 - k**2. Calculate b(-3).
-10
Let l(y) = 8*y + 6. Let g(t) = 37*t + 24. Let s(z) = -4*g(z) + 18*l(z). What is s(11)?
-32
Let d(g) be the second derivative of -g**7/2520 + g**6/720 + g**5/10 - 5*g**4/4 + 10*g. Let m(u) be the third derivative of d(u). Determine m(0).
12
Let p(g) be the second derivative of g**5/20 - g**4/2 + 2*g**2 - 6*g. Let l(u) = u**2 - 2*u + 3. Let n be l(3). Give p(n).
4
Let d(w) be the third derivative of w**6/120 + 17*w**5/60 - w**4/24 - 11*w**3/6 - 7*w**2. Let n be d(-17). Let i(t) = t - 12. Give i(n).
-6
Let n(k) be the third derivative of -k**4/8 - 5*k**3/2 + 206*k**2. Calculate n(-6).
3
Let a(g) be the second derivative of -g**5/4 - g**4/12 + g**3/6 - g**2/2 + 103*g. What is a(1)?
-6
Let m(k) be the third derivative of -k**6/120 + 11*k**5/60 + 2*k**3 + 14*k**2 - 2. Give m(11).
12
Let t(n) be the third derivative of -1/60*n**5 + n**3 + 5*n**2 + 0*n**4 + 0 + 0*n. Let r(o) be the first derivative of t(o). Give r(-2).
4
Suppose 243*i - 246*i + 18 = 0. Let t(r) = r**3 - 8*r**2 + 8*r - 4. What is t(i)?
-28
Let o be ((-24)/(-9))/((-12)/18). Let i(n) = 18*n + 4. Give i(o).
-68
Let f(k) = -k + 3 + 2*k - 3*k. Suppose 2*c + 0*c + 10 = 0. Let q = -3 - c. Calculate f(q).
-1
Let m(w) = -3*w**2 + 2*w + 1. Let h be m(-1). Let v(i) = -i**2 + 2 - 23*i - 8*i + 27*i. Let p be v(h). Let r(j) = -3*j**2 - j - 1. Calculate r(p).
-15
Suppose -p + 4*w = -19, -3*p - 3*w + 8*w + 36 = 0. Let r(i) = -13*i**3 - 2*i + 20*i**3 - 7*i**2 - 6*i**3 + 6. Calculate r(p).
-8
Let g(s) = 4*s**3 + 11*s**2 + 10*s - 15. Let o(p) = p**3 + 3*p**2 + p - 2. Let f(m) = -g(m) + 6*o(m). What is f(-4)?
3
Let r(j) = -4*j + 1. Let s(v) = 28*v - 5. Let t(i) = 6*r(i) + s(i). Give t(-2).
-7
Let v(k) = -4*k**3 - 8*k**2 + 4*k - 4. Let w(b) = b**3 + b. Let y(m) = v(m) + 5*w(m). Suppose 2*u = 5*g - 27, -2*g + 35*u = 39*u - 30. Determine y(g).
10
Suppose 4*y - 72 - 9 = -5*d, 0 = -4*d - 2*y + 66. Let n(b) = 8*b**3 - 4*b**2 - 1. Let s(m) = 23*m**3 - 11*m**2 - 3. Let j(g) = d*n(g) - 6*s(g). Calculate j(1).
-3
Let f(u) be the second derivative of 0 - 1/6*u**3 + 35/12*u**4 + 9*u - 8*u**2. Let g(y) = -7*y**2 + 3. Let l(n) = 2*f(n) + 11*g(n). What is l(1)?
-8
Let q(k) = -3*k - 2*k - 695 + 693. Determine q(1).
-7
Let y(s) = s**2 + s - 1. Let n(m) = -3*m**2 + 3*m. Suppose -5*d = 2*o - o + 19, -5*o = -4*d - 21. Let z(l) = o*n(l) + 2*y(l). Calculate z(2).
4
Let b(o) be the first derivative of -20 - 1/2*o**2 + 10*o. Determine b(8).
2
Let j(r) be the third derivative of -r**2 + 0 + 0*r - 1/8*r**4 + 2/3*r**3 + 1/60*r**5. Let w = 3 - 0. Calculate j(w).
4
Let z(q) be the first derivative of -q**4/4 + q**3/3 - q**2/2 + 12*q - 45. Calculate z(0).
12
Let h(l) = l - 13 - 11 + 16. What is h(7)?
-1
Let f(d) be the second derivative of -2*d**3/3 - d**2 - 35*d. Let n be f(0). Let v(q) = q + 2. Calculate v(n).
0
Let w(i) = -2*i**2 + 3*i + 2. Suppose 0 = 4*m - 12. What is w(m)?
-7
Let m = -349 + 355. Let x(i) be the second derivative of 0 - 1/12*i**4 + m*i + 5/2*i**2 - 1/6*i**3. Give x(0).
5
Let h(d) = d. Let c(x) = 8*x. Suppose -2*q + 3*t - 1 = 0, -6*t + 4